is the remainder when 90337524 is divided by 47?
46
What is the remainder when 1740726 is divided by 579977?
795
What is the remainder when 4490364 is divided by 57?
18
What is the remainder when 43706979 is divided by 21853457?
65
Calculate the remainder when 43429482 is divided by 55.
52
What is the remainder when 804400 is divided by 40220?
0
Calculate the remainder when 2220453 is divided by 180.
153
Calculate the remainder when 404701862 is divided by 2474.
2468
Calculate the remainder when 41268 is divided by 3012.
2112
What is the remainder when 1452776 is divided by 1452754?
22
What is the remainder when 4196246 is divided by 2098113?
20
Calculate the remainder when 492166 is divided by 890.
886
What is the remainder when 2722190 is divided by 25440?
110
Calculate the remainder when 50319324 is divided by 151.
84
What is the remainder when 155840 is divided by 49779?
6503
Calculate the remainder when 430680 is divided by 15951.
3
What is the remainder when 265934 is divided by 4295?
3939
Calculate the remainder when 49423785 is divided by 722.
719
Calculate the remainder when 2593265 is divided by 128.
113
What is the remainder when 186443 is divided by 11?
4
What is the remainder when 338954310 is divided by 773?
767
What is the remainder when 329919 is divided by 14994?
51
Calculate the remainder when 16320711 is divided by 352.
231
Calculate the remainder when 26232988 is divided by 15.
13
What is the remainder when 18518594 is divided by 378?
374
What is the remainder when 7004891 is divided by 7614?
11
What is the remainder when 68106 is divided by 1313?
1143
What is the remainder when 36910366 is divided by 9227580?
46
What is the remainder when 260526 is divided by 2658?
42
Calculate the remainder when 21554407 is divided by 10777203.
1
What is the remainder when 517420 is divided by 555?
160
Calculate the remainder when 27253 is divided by 439.
35
Calculate the remainder when 1048789 is divided by 820.
9
What is the remainder when 440292 is divided by 1889?
155
Calculate the remainder when 57598 is divided by 64.
62
What is the remainder when 3016690 is divided by 167593?
16
Calculate the remainder when 261378030 is divided by 52275603.
15
What is the remainder when 13433929 is divided by 3971?
36
Calculate the remainder when 5596493 is divided by 8855.
133
Calculate the remainder when 304563305 is divided by 11713973.
7
What is the remainder when 140334 is divided by 707?
348
Calculate the remainder when 12425527 is divided by 1648.
1255
Calculate the remainder when 211202 is divided by 264.
2
What is the remainder when 18212947 is divided by 70?
67
What is the remainder when 34304886 is divided by 5312?
5302
Calculate the remainder when 411716296 is divided by 1271.
1266
What is the remainder when 1464521 is divided by 366129?
5
Calculate the remainder when 26558879 is divided by 39.
35
Calculate the remainder when 20554930 is divided by 6.
4
What is the remainder when 2131108 is divided by 70?
28
Calculate the remainder when 45830 is divided by 22573.
684
What is the remainder when 4823656 is divided by 87?
28
What is the remainder when 11017444 is divided by 379909?
83
What is the remainder when 6854728 is divided by 293?
286
Calculate the remainder when 7132635 is divided by 703.
700
What is the remainder when 89138 is divided by 7926?
1952
What is the remainder when 219736 is divided by 109802?
132
Calculate the remainder when 1233581 is divided by 308394.
5
Calculate the remainder when 20064069 is divided by 92037.
3
Calculate the remainder when 3254306 is divided by 120514.
428
Calculate the remainder when 132495 is divided by 66174.
147
Calculate the remainder when 92056 is divided by 11479.
224
What is the remainder when 146917 is divided by 743?
546
What is the remainder when 1823224 is divided by 111?
49
What is the remainder when 206673 is divided by 720?
33
What is the remainder when 38453987 is divided by 859?
852
Calculate the remainder when 125293 is divided by 41486.
835
What is the remainder when 302129 is divided by 2221?
73
Calculate the remainder when 86999224 is divided by 575.
574
Calculate the remainder when 93457072 is divided by 425.
422
What is the remainder when 5010466 is divided by 313140?
226
Calculate the remainder when 70155 is divided by 16532.
4027
Calculate the remainder when 4346701 is divided by 117478.
15
What is the remainder when 41793902 is divided by 1080?
62
Calculate the remainder when 1393243 is divided by 1392941.
302
What is the remainder when 29517 is divided by 287?
243
What is the remainder when 27159476 is divided by 77?
36
Calculate the remainder when 921175 is divided by 13155.
325
Calculate the remainder when 237648 is divided by 79210.
18
Calculate the remainder when 402433 is divided by 1231.
1127
Calculate the remainder when 1146433 is divided by 108.
13
What is the remainder when 15231275 is divided by 553?
549
Calculate the remainder when 116434 is divided by 271.
175
Calculate the remainder when 20144090 is divided by 5684.
5678
Calculate the remainder when 116360677 is divided by 10.
7
What is the remainder when 1071357 is divided by 215?
12
What is the remainder when 3653301 is divided by 909?
30
Calculate the remainder when 2531695 is divided by 97369.
101
What is the remainder when 1107305 is divided by 553564?
177
What is the remainder when 2793341 is divided by 1138?
689
Calculate the remainder when 762308167 is divided by 4678.
4677
Calculate the remainder when 235717 is divided by 29423.
333
Calculate the remainder when 275934 is divided by 183.
153
What is the remainder when 2981483 is divided by 496905?
53
Calculate the remainder when 29254677 is divided by 16380.
16377
What is the remainder when 862495 is divided by 1057?
1040
Calculate the remainder when 16100 is divided by 13661.
2439
What is the remainder when 6418697 is divided by 6418693?
4
What is the remainder when 8761720 is divided by 919?
893
What is the remainder when 26740134 is divided by 210?
204
Calculate the remainder when 1204567 is divided by 10208.
23
What is the remainder when 95432 is divided by 23643?
860
Calculate the remainder when 206400732 is divided by 235.
232
Calculate the remainder when 63036980 is divided by 146.
20
What is the remainder when 762151247 is divided by 8?
7
What is the remainder when 112094292 is divided by 155?
152
Calculate the remainder when 1295584 is divided by 161586.
2896
What is the remainder when 349821 is divided by 29?
23
Calculate the remainder when 546497384 is divided by 39.
17
What is the remainder when 265364 is divided by 126814?
11736
Calculate the remainder when 2801561 is divided by 933843.
32
Calculate the remainder when 6706 is divided by 3319.
68
What is the remainder when 587882 is divided by 48755?
2822
What is the remainder when 21212 is divided by 18624?
2588
What is the remainder when 1725570 is divided by 1952?
2
What is the remainder when 28759105 is divided by 266288?
1
What is the remainder when 43606013 is divided by 37?
33
What is the remainder when 105402 is divided by 118?
28
Calculate the remainder when 158796 is divided by 158767.
29
What is the remainder when 396214 is divided by 1478?
110
What is the remainder when 1676366 is divided by 5737?
1162
What is the remainder when 1184251 is divided by 23679?
301
Calculate the remainder when 39777 is divided by 38744.
1033
What is the remainder when 136300948 is divided by 30?
28
What is the remainder when 2081095 is divided by 79?
77
What is the remainder when 348333 is divided by 7778?
6101
Calculate the remainder when 93923 is divided by 2537.
54
What is the remainder when 857721 is divided by 42886?
1
Calculate the remainder when 9150275 is divided by 51406.
7
Calculate the remainder when 34683549 is divided by 6378.
6363
Calculate the remainder when 60455 is divided by 307.
283
Calculate the remainder when 3021070 is divided by 7142.
4
What is the remainder when 84038669 is divided by 8?
5
Calculate the remainder when 28369 is divided by 1229.
102
Calculate the remainder when 308481 is divided by 1527.
27
Calculate the remainder when 104502 is divided by 20897.
17
Calculate the remainder when 158643 is divided by 7529.
534
Calculate the remainder when 64153583 is divide